uppose -37*k - 12*k = 7*k - 842464. List the prime factors of k.
2, 3761
Let c = 55 - 52. Suppose c*s + 254 = -61. Let f = s - -257. List the prime factors of f.
2, 19
Let w = 12 + -39. Let x be (-13)/(-5) - (5 + w/5). What are the prime factors of x/(-4) + ((-5761)/(-28) - 0)?
5, 41
Let w be -3 + (-68)/(-20) + 352/(-5). Let q = w + 74. Suppose -165 = -q*m + 107. What are the prime factors of m?
2, 17
Suppose 4*l - 3*t + 5*t - 106 = 0, 2*l - 4*t = 58. Suppose 2*z = -5*s + 26, 5*s + 19 = -5*z + 54. Suppose z*y = -l + 393. List the prime factors of y.
2, 61
Let l(p) = 5*p**2 - 144*p - 6541. List the prime factors of l(-36).
47, 109
Let r(k) = 1170*k + 2751. List the prime factors of r(11).
3, 41, 127
Let p(w) = 33*w - 1. Let o be ((-12)/9)/(6/(-9)). Suppose -17*a + 16*a = -o. What are the prime factors of p(a)?
5, 13
Let i = -85534 - -124308. List the prime factors of i.
2, 19387
Let r(q) = -q**3 - 6*q**2 + 18*q + 29. Let h = 160 + -168. List the prime factors of r(h).
13
Suppose -15*s + 13440 = -24*s + 13*s. List the prime factors of s.
2, 3, 5, 7
Let c(f) = 10*f + 2*f**2 + 6 + 0*f - 8*f - 3*f. Let l be c(-3). Suppose -3*b + 114 = -2*i, 2*b + i - 42 = l. List the prime factors of b.
2, 3
Suppose 0 = -3*u + 5*x + 33849, -7*x + 3*x - 56441 = -5*u. List the prime factors of u.
23, 491
Let q(d) = d**3 - 3*d**2 - 7*d - 12. Let u be q(5). Suppose -4*x = -16, -u*g + 5*g - 4*x + 146 = 0. Let i = 130 + g. What are the prime factors of i?
5, 13
Let o be 12 + -2 - (-12)/6. Let i(h) = -7 - o*h - 15 + 9*h + 9*h. What are the prime factors of i(7)?
2, 5
Let k(g) = 3*g**2 - 25*g + 23. Let m be k(-19). Suppose -3*q - 4*a = 2*q - 2667, -3*q + m = -4*a. Suppose 435 = 6*h - q. What are the prime factors of h?
7, 23
Let n = 95734 - 60116. What are the prime factors of n?
2, 11, 1619
Let g(u) = -51*u**3 - 21*u**2 + 10*u - 63. Let n(f) = 25*f**3 + 10*f**2 - 5*f + 31. Let t(l) = 6*g(l) + 13*n(l). What are the prime factors of t(4)?
5, 257
Let n(u) = -37761*u + 347. What are the prime factors of n(-1)?
2, 7, 1361
Suppose 4*l = 446 + 666. Suppose -j - 5*h - 44 = 0, 4*j + j + l = 4*h. Let o = 7 - j. List the prime factors of o.
61
Suppose -120444 = 6*g - 6*g - 3*g. List the prime factors of g.
2, 10037
Let p(i) = 2*i**2 + 30*i + 4. Let k be p(-15). Suppose 0 = k*b - 9 + 33. List the prime factors of 89 - (2 + -1 + b).
2, 47
Let c(r) = -2*r**3 + 8*r**2 + 2*r - 2. Let b be c(4). Let i be 3*(1 - (-8)/b). Let p = i + 173. List the prime factors of p.
2, 3, 5
Let j(p) = 19*p + 193. Let f be j(-10). Suppose -4*y + 4502 = -3*n, -3205 + 8846 = 5*y + f*n. List the prime factors of y.
7, 23
Suppose 0 = -z - 5*f - 16, -4*z = 6*f - 2*f. Suppose z*r - 5*r + 115 = 0. List the prime factors of r.
5, 23
Let z(w) = -13 + 34*w - 91*w + 42 + 5*w**2. List the prime factors of z(16).
397
Let a = -22436 + 36281. What are the prime factors of a?
3, 5, 13, 71
Suppose 29*m - 12230 = -3*p + 34*m, 2*m = -2*p + 8148. List the prime factors of p.
5, 163
Suppose 5*v = 4*j + 17, 0 = -j - 3*v + v + 12. Let c(u) = 107*u**j + 36*u**2 - 2 + 2 + 1. List the prime factors of c(-1).
2, 3
Suppose a + o = 3*a - 44, -3*a + 80 = -5*o. Suppose 9*s + 2 = a. List the prime factors of 5/((0 - (-1)/s) + 0).
2, 5
What are the prime factors of (60928*2)/(-8)*(-16)/8?
2, 7, 17
Let d = -5 + 6. Suppose 4*w = 5*c + 45, 36 = -7*c + 3*c + 4*w. What are the prime factors of (-714)/c + d/(-3)?
79
Let j = -8 - -22. Suppose -5*y + 2*f + 28 = 0, -j = -2*y - 0*f - 2*f. Suppose -y*a - a = -819. What are the prime factors of a?
3, 13
Suppose -8*o - 1253736 = -64*o - 16*o. List the prime factors of o.
11, 1583
Let r = -60 + 136. Suppose -14*o + 12*o = 176. Let f = r - o. List the prime factors of f.
2, 41
Let y(d) = 224*d - 132. Let f be y(-6). Let q = -750 - f. What are the prime factors of q?
2, 3, 11
Suppose -10*y - 4*g + 5252 = -7*y, 8750 = 5*y + 5*g. What are the prime factors of y/6 - (-61)/(-183)?
3, 97
Let k(t) = 16*t - 411. Let n be k(30). Suppose -11051 = -n*f + 26*f. List the prime factors of f.
257
Let v be 5*(3 + -2)*1. Suppose -v*x + 3*c + 180 = 0, 0*x = 4*x - c - 137. Suppose 7*f - x = 6*f. List the prime factors of f.
3, 11
Let b = 6886 + -87. List the prime factors of b.
13, 523
Let l(q) = 2709*q + 2494. List the prime factors of l(4).
2, 5, 31, 43
Let r = -31 - -45. Let a = r + -10. Suppose -z + 94 + 34 = -a*d, -5*d = -z + 123. List the prime factors of z.
2, 37
Suppose 3*z + 29 = 17. Suppose -5*f - 48 = -f. What are the prime factors of (291/f + -1)*z?
101
Let y(o) = 50*o**2 + 99*o + 118. List the prime factors of y(-33).
29, 61
Suppose -4*a - 685 = 147. Suppose 1778*h + 188 - 1936 = 1801*h. Let d = h - a. List the prime factors of d.
2, 3, 11
Suppose -4 = -5*x - 14. Let d be x/((-1)/(-6) + 1/2). List the prime factors of (-2 - d)/(1 + 44/(-46)).
23
Suppose -12*m - 6689 = -13*m + 3*c, 0 = -5*c - 5. List the prime factors of m.
2, 3343
Let c(s) = s**3 + 7*s**2 - 8*s + 2. Let w be c(-8). Suppose 2*n - 4*g = -2*n + 340, -5*g + 156 = w*n. What are the prime factors of n?
83
Suppose q = 4*u - 3, 2*q + 3 = q. Suppose u = -18*j + 285 + 273. List the prime factors of j.
31
Suppose -5*g + 13*g = 9750 + 179666. What are the prime factors of g?
23677
Let r = 174 - 171. Suppose -6*k - 2503 = -r*c - 8*k, -k = -2*c + 1664. What are the prime factors of c?
7, 17
Suppose -6*y - 8662 + 42384 + 21514 = 0. List the prime factors of y.
2, 4603
Let o(k) = 96*k**3 - 10*k**2 + 25*k + 25. List the prime factors of o(4).
41, 149
Suppose -10284 = o - 5*s - 35884, 0 = -5*s - 25. What are the prime factors of o?
3, 5, 11, 31
Let j = 236 - -230. Suppose -u + 894 = 5*a, 3*a - j = -3*u + 80. List the prime factors of a.
2, 89
Suppose 5*f - 4*s = -12221, -f + 0*f + s = 2444. Let u be (-4)/(-6)*f/10 - -2. Let b = -83 - u. List the prime factors of b.
2, 3, 13
Suppose -72 - 24 = 3*j. Let m be (27/6 - 0)*j/(-12). Let z(v) = -v**3 + 12*v**2 + 7*v + 13. What are the prime factors of z(m)?
97
Suppose -191 = 2*j - 7*j - 3*i, 0 = 2*j - 4*i - 92. Let g = -35 + j. Suppose 10*p = g*p + 665. What are the prime factors of p?
7, 19
Suppose 61*v - 880697 = 279523. List the prime factors of v.
2, 3, 5, 317
Let v be 10/(-70) + 40107/(-21). Let k = -678 - v. What are the prime factors of k?
2, 7, 11
Let b(o) = 15*o + 127. Let r be b(17). Suppose 5*j - 695 = -5*w, -3*w + 7*j + r = 3*j. List the prime factors of w.
2, 67
Suppose 5*x + 0*x + 5*r = 15, r = 3. Suppose -q - 8 + 90 = x. Let f = q + -75. List the prime factors of f.
7
Let t = 20 - 8. Let g be 80/t*30/25. Suppose 0 = q - g - 6. List the prime factors of q.
2, 7
Let h(x) = 6*x**3 - 18*x**2 - 43*x + 947. List the prime factors of h(16).
113, 179
Let q be (-3)/2*(-52)/39. Suppose 2*u = 5*a + 1847, -q*u + 4*a + 1841 = a. List the prime factors of u.
2, 229
Suppose 12*y = 11*y. List the prime factors of 215 + (y - 1) + -2 + 0.
2, 53
Let x(p) = -p**3 + 101*p**2 + 267*p - 94. List the prime factors of x(102).
2, 523
What are the prime factors of -10 - (-10 - -5 - 25158)?
25153
Let j(v) = 9*v**2 + 32*v + 18. Let s be j(-8). Suppose -s = 3*l - 5*a, 7*l - 2*a = 11*l + 494. Let t = 95 - l. What are the prime factors of t?
2, 3
Let h be ((-4)/8)/(((-3)/(-18))/1). Let s be -6*h/((-36)/8). Let r(q) = 8*q**2 + 12*q + 9. List the prime factors of r(s).
89
Let r be 1/(18/(-4)) - 322/414. Let j = 2 - r. List the prime factors of 2/j - 7/(84/(-1492)).
5
Suppose 0 = 4*c + 4*f - 98496, -2*f - 35373 = -5*c + 87733. What are the prime factors of c?
2, 13, 947
Let r(y) = 450*y**2 - 240*y + 6. List the prime factors of r(7).
2, 3, 283
Let p(l) = 6*l**2 + 17*l + 78. List the prime factors of p(30).
2, 3, 499
What are the prime factors of ((-63)/(-12))/(72/215616)?
2, 7, 1123
Suppose -27 = -4*g + 3*h, 3*h = -g - h + 2. Let n(u) = 5*u - 31. Let r be n(g). List the prime factors of 80 - (-1 - 3)/r.
2, 19
Let c be 28/98 + 6492/14. Let d = -380 + c. List the prime factors of d.
2, 3, 7
Let v(x) = -x**3 + 8*x**2 - 71*x + 482. What are the prime factors of v(7)?
2, 17
Suppose 4*y - 5*r = 666, 5*y + 5*r - 277 = 533. Let g be 421/(-5) + (189/45 - 5). Let m = y + g. List the prime factors of m.
79
Suppose -11*i = -3*i - 24. Suppose 5*g + p = 2896, -4*g - i*p + 1728 = -g. Suppose -g = -6*x + 266. List the prime factors of x.
3, 47
List 